{"id":1359,"date":"2023-06-17T02:44:20","date_gmt":"2023-06-17T02:44:20","guid":{"rendered":"http:\/\/demo.themeton.com\/consultaid\/?page_id=97"},"modified":"2024-10-16T10:52:33","modified_gmt":"2024-10-16T10:52:33","slug":"nosotros-2","status":"publish","type":"page","link":"https:\/\/connatura.ixole.es\/?page_id=1359","title":{"rendered":"Nosotros"},"content":{"rendered":"<p>[vc_row css=&#8221;.vc_custom_1488537942880{margin-top: 15px !important;}&#8221;][vc_column][vc_row_inner][vc_column_inner width=&#8221;1\/6&#8243;][\/vc_column_inner][vc_column_inner width=&#8221;2\/3&#8243;][vc_column_text]<\/p>\n<h1 style=\"text-align: center;\">\u00bfQui\u00e9nes somos?<\/h1>\n<p style=\"text-align: center;\">Connatura, <strong>empresa acreditada por la Generealitat de Catalunya<\/strong> (REA 09000036894), y con clasificaci\u00f3n empresarial otorgada por el Depatament de Economia y Hacienda nace en el a\u00f1o 2011 aunando los esfuerzos, las ilusiones y los conocimientos de un grupo de profesionales de contrastada capacidad y experiencia.<\/p>\n<p style=\"text-align: center;\">La realizaci\u00f3n de nuestros trabajos se centra en la <strong>construcci\u00f3n paisaj\u00edstica y medioambiental<\/strong>, con especializaci\u00f3n en proyectos de espacios verdes y de bioingenier\u00eda, priorizando la utilizaci\u00f3n de sistemas constructivos que faciliten la integraci\u00f3n en el entorno y se muestren respetuosos con el paisaje y con el ecosistema.<\/p>\n<p>[\/vc_column_text][\/vc_column_inner][vc_column_inner width=&#8221;1\/6&#8243;][\/vc_column_inner][\/vc_row_inner][vc_row_inner][vc_column_inner width=&#8221;2\/3&#8243;][vc_single_image image=&#8221;1497&#8243; img_size=&#8221;full&#8221; alignment=&#8221;center&#8221;][\/vc_column_inner][vc_column_inner width=&#8221;1\/3&#8243;][vc_single_image image=&#8221;1507&#8243; img_size=&#8221;full&#8221; el_class=&#8221;p100&#8243;][vc_single_image image=&#8221;1554&#8243; img_size=&#8221;full&#8221; css=&#8221;.vc_custom_1687107885140{margin-top: -10px !important;}&#8221; el_class=&#8221;p100&#8243;][\/vc_column_inner][\/vc_row_inner][\/vc_column][\/vc_row][vc_row][vc_column][vc_empty_space height=&#8221;65px&#8221;][\/vc_column][\/vc_row][vc_row full_width=&#8221;stretch_row_content_no_spaces&#8221; content_placement=&#8221;middle&#8221; css=&#8221;.vc_custom_1488424272518{background-color: #ebf1f6 !important;}&#8221;][vc_column width=&#8221;1\/6&#8243;][\/vc_column][vc_column width=&#8221;2\/6&#8243;][vc_custom_heading text=&#8221;100%&#8221; font_container=&#8221;tag:h1|font_size:138px|text_align:center|color:%23e9563d&#8221; use_theme_fonts=&#8221;yes&#8221;][vc_custom_heading text=&#8221;Satisfacci\u00f3n del cliente&#8221; font_container=&#8221;tag:h1|text_align:center&#8221; use_theme_fonts=&#8221;yes&#8221;][\/vc_column][vc_column width=&#8221;2\/6&#8243; css=&#8221;.vc_custom_1489111766892{padding-right: 15px !important;padding-left: 15px !important;}&#8221;][vc_row_inner][vc_column_inner width=&#8221;1\/6&#8243;][vc_single_image image=&#8221;1633&#8243;][\/vc_column_inner][vc_column_inner width=&#8221;5\/6&#8243;][vc_custom_heading text=&#8221;\u00bfPor qu\u00e9 nosotros?&#8221; font_container=&#8221;tag:h2|font_size:36px|text_align:left&#8221; use_theme_fonts=&#8221;yes&#8221; el_class=&#8221;color-title&#8221;][vc_column_text]Porque Connatura valora el territorio como elemento clave para definir las intervenciones constructivas, <strong>respetando el entorno natural y utilizando, de manera prioritaria<\/strong>, elementos naturales que facilitan la integraci\u00f3n paisaj\u00edstica de las obras.<\/p>\n<p>Porque somos una empresa innovadora, seria, activa y <strong>comprometida con el entorno natural y la biodiversidad<\/strong>.<\/p>\n<p>Porque formamos un equipo conjuntado y equilibrado, con <strong>t\u00e9cnicos de una alta cualificaci\u00f3n<\/strong>, tanto acad\u00e9mica, como pr\u00e1ctica, y con encargados y operarios con una elevada competencia, respaldada a trav\u00e9s de una amplia experiencia en los sectores de la construcci\u00f3n y la jardiner\u00eda.<\/p>\n<p>Porque mantenemos un <strong>compromiso firme y responsable<\/strong> con nuestro trabajo y con nuestros clientes.[\/vc_column_text][\/vc_column_inner][\/vc_row_inner][vc_row_inner][vc_column_inner width=&#8221;1\/6&#8243;][vc_single_image image=&#8221;1632&#8243;][\/vc_column_inner][vc_column_inner width=&#8221;5\/6&#8243;][vc_custom_heading text=&#8221;Nuestros compromisos&#8221; font_container=&#8221;tag:h2|font_size:36px|text_align:left&#8221; use_theme_fonts=&#8221;yes&#8221; el_class=&#8221;color-title&#8221;][vc_column_text]La b\u00fasqueda de la <strong>excelencia<\/strong> en la calidad de los trabajos realizados.<\/p>\n<p>El <strong>respeto<\/strong> permanente al medioambiente, al entorno y al paisaje.<\/p>\n<p>La maximizaci\u00f3n de la relaci\u00f3n <strong>calidad \/ precio<\/strong>.<\/p>\n<p>El programa de ejecuci\u00f3n de la obras ajustado a la <strong>necesidad del cliente<\/strong>.<\/p>\n<p>El seguimiento t\u00e9cnico de los trabajos, junto a una <strong>garant\u00eda post-venta<\/strong>.[\/vc_column_text][con_button conbutton=&#8221;url:https%3A%2F%2Fconnatura.ixole.es%2Fpages%2Fcontacto%2F|title:Cont%C3%A1ctanos&#8221;][\/vc_column_inner][\/vc_row_inner][\/vc_column][vc_column width=&#8221;1\/6&#8243;][\/vc_column][vc_column][vc_empty_space height=&#8221;65px&#8221;][\/vc_column][\/vc_row][vc_row content_placement=&#8221;middle&#8221; disable_element=&#8221;yes&#8221; css=&#8221;.vc_custom_1687344977524{margin-top: 62px !important;margin-bottom: 30px !important;}&#8221;][vc_column][vc_custom_heading text=&#8221;Nuestro equipo&#8221; font_container=&#8221;tag:h1|font_size:36px|text_align:center&#8221; use_theme_fonts=&#8221;yes&#8221;][\/vc_column][vc_column width=&#8221;2\/6&#8243;][vc_single_image image=&#8221;1637&#8243; img_size=&#8221;full&#8221; alignment=&#8221;center&#8221; css=&#8221;.vc_custom_1687108101892{margin-top: -35px !important;}&#8221;][\/vc_column][vc_column width=&#8221;1\/6&#8243;][vc_custom_heading text=&#8221;Mathe Joseph<br \/>\nCEO&#8221; font_container=&#8221;tag:h3|text_align:left&#8221; use_theme_fonts=&#8221;yes&#8221;][vc_separator color=&#8221;pink&#8221; align=&#8221;align_left&#8221; border_width=&#8221;3&#8243; el_width=&#8221;20&#8243;][vc_column_text]Lorem Ipsum is simply dummy text of the printing typesetting industry. Lorem Ipsum has been the industry&#8217;s standard.[\/vc_column_text][vc_row_inner][vc_column_inner width=&#8221;5\/6&#8243;][vc_icon icon_fontawesome=&#8221;fa fa-facebook&#8221; color=&#8221;custom&#8221; size=&#8221;xs&#8221; custom_color=&#8221;#3b5998&#8243; link=&#8221;url:%23|||&#8221; el_class=&#8221;team-icon&#8221;][vc_icon icon_fontawesome=&#8221;fa fa-twitter&#8221; color=&#8221;custom&#8221; size=&#8221;xs&#8221; custom_color=&#8221;#55acee&#8221; link=&#8221;url:%23|||&#8221; el_class=&#8221;team-icon&#8221;][vc_icon icon_fontawesome=&#8221;fa fa-google-plus&#8221; color=&#8221;custom&#8221; size=&#8221;xs&#8221; custom_color=&#8221;#dd4b39&#8243; link=&#8221;url:%23|||&#8221; el_class=&#8221;team-icon&#8221;][\/vc_column_inner][vc_column_inner width=&#8221;1\/6&#8243;][\/vc_column_inner][\/vc_row_inner][\/vc_column][vc_column width=&#8221;3\/6&#8243;][con_ceo_team member=&#8221;%5B%7B%22firstname%22%3A%22Anu%22%2C%22lastname%22%3A%22Sakkariya%22%2C%22position%22%3A%22Art%20Director%22%2C%22image%22%3A%221638%22%7D%2C%7B%22firstname%22%3A%22John%22%2C%22lastname%22%3A%22Doe%22%2C%22position%22%3A%22Art%20Director%22%2C%22image%22%3A%221639%22%7D%2C%7B%22firstname%22%3A%22Shiva%22%2C%22lastname%22%3A%22Parasad%22%2C%22position%22%3A%22Consultand%22%2C%22image%22%3A%221640%22%7D%2C%7B%22firstname%22%3A%22Shiva%22%2C%22lastname%22%3A%22Damdam%22%2C%22position%22%3A%22Consultand%22%2C%22image%22%3A%221641%22%7D%5D&#8221;][\/vc_column][\/vc_row][vc_row disable_element=&#8221;yes&#8221; css=&#8221;.vc_custom_1687440534406{margin-bottom: 100px !important;}&#8221;][vc_column][con_button alignment=&#8221;center&#8221; conbutton=&#8221;url:https%3A%2F%2Fconnatura.ixole.es%2Fnosotros%2Fnuestro-equipo%2F|title:Nuestro%20equipo&#8221;][\/vc_column][\/vc_row][vc_row full_width=&#8221;stretch_row&#8221; css=&#8221;.vc_custom_1687440525040{background-color: #ebf1f6 !important;}&#8221;][vc_column width=&#8221;1\/6&#8243;][\/vc_column][vc_column width=&#8221;2\/3&#8243;][con_counter list=&#8221;%5B%7B%22layout%22%3A%22icon%22%2C%22number%22%3A%22250%2B%22%2C%22body%22%3A%22clientes%20contentos%22%2C%22image%22%3A%22287%22%2C%22icon_type%22%3A%22fontawesome%22%2C%22icon_fontawesome%22%3A%22far%20fa-smile%22%2C%22icon_openiconic%22%3A%22vc-oi%20vc-oi-dial%22%2C%22icon_typicons%22%3A%22typcn%20typcn-adjust-brightness%22%2C%22icon_entypo%22%3A%22entypo-icon%20entypo-icon-note%22%2C%22icon_linecons%22%3A%22vc_li%20vc_li-heart%22%7D%2C%7B%22layout%22%3A%22icon%22%2C%22number%22%3A%228%22%2C%22body%22%3A%22certificaciones%22%2C%22image%22%3A%22288%22%2C%22icon_type%22%3A%22fontawesome%22%2C%22icon_fontawesome%22%3A%22fas%20fa-star%22%2C%22icon_openiconic%22%3A%22vc-oi%20vc-oi-dial%22%2C%22icon_typicons%22%3A%22typcn%20typcn-adjust-brightness%22%2C%22icon_entypo%22%3A%22entypo-icon%20entypo-icon-note%22%2C%22icon_linecons%22%3A%22vc_li%20vc_li-heart%22%7D%2C%7B%22layout%22%3A%22icon%22%2C%22number%22%3A%22150%2B%22%2C%22body%22%3A%22colaboradores%22%2C%22image%22%3A%22289%22%2C%22icon_type%22%3A%22fontawesome%22%2C%22icon_fontawesome%22%3A%22fas%20fa-user%22%2C%22icon_openiconic%22%3A%22vc-oi%20vc-oi-dial%22%2C%22icon_typicons%22%3A%22typcn%20typcn-adjust-brightness%22%2C%22icon_entypo%22%3A%22entypo-icon%20entypo-icon-note%22%2C%22icon_linecons%22%3A%22vc_li%20vc_li-heart%22%7D%5D&#8221; group=&#8221;%5B%7B%22number%22%3A%222500%22%2C%22body%22%3A%22happy%20clients%22%2C%22icon_type%22%3A%22icon_font%22%2C%22image%22%3A%22287%22%7D%2C%7B%22number%22%3A%2238%22%2C%22body%22%3A%22awards%22%2C%22icon_type%22%3A%22icon_font%22%2C%22image%22%3A%22288%22%7D%2C%7B%22number%22%3A%22390%22%2C%22body%22%3A%22employees%22%2C%22icon_type%22%3A%22icon_font%22%2C%22image%22%3A%22289%22%7D%5D&#8221;][vc_empty_space height=&#8221;20px&#8221;][\/vc_column][vc_column width=&#8221;1\/6&#8243;][\/vc_column][\/vc_row]<\/p>\n","protected":false},"excerpt":{"rendered":"<p>[vc_row css=&#8221;.vc_custom_1488537942880{margin-top: 15px !important;}&#8221;][vc_column][vc_row_inner][vc_column_inner width=&#8221;1\/6&#8243;][\/vc_column_inner][vc_column_inner width=&#8221;2\/3&#8243;][vc_column_text] \u00bfQui\u00e9nes somos? Connatura, empresa acreditada por la Generealitat de Catalunya (REA 09000036894), y con clasificaci\u00f3n empresarial otorgada por el Depatament de Economia y Hacienda nace en el a\u00f1o 2011 aunando los esfuerzos, las ilusiones &#8230;<\/p>\n","protected":false},"author":1,"featured_media":0,"parent":0,"menu_order":0,"comment_status":"closed","ping_status":"closed","template":"","meta":{"footnotes":""},"class_list":["post-1359","page","type-page","status-publish","hentry"],"yoast_head":"<!-- This site is optimized with the Yoast SEO plugin v25.4 - https:\/\/yoast.com\/wordpress\/plugins\/seo\/ -->\n<title>Nosotros - connatura<\/title>\n<meta name=\"robots\" content=\"index, follow, max-snippet:-1, max-image-preview:large, max-video-preview:-1\" \/>\n<link rel=\"canonical\" href=\"https:\/\/connatura.ixole.es\/?page_id=1359\" \/>\n<meta property=\"og:locale\" content=\"es_ES\" \/>\n<meta property=\"og:type\" content=\"article\" \/>\n<meta property=\"og:title\" content=\"Nosotros - connatura\" \/>\n<meta property=\"og:description\" content=\"[vc_row css=&#8221;.vc_custom_1488537942880{margin-top: 15px !important;}&#8221;][vc_column][vc_row_inner][vc_column_inner width=&#8221;1\/6&#8243;][\/vc_column_inner][vc_column_inner width=&#8221;2\/3&#8243;][vc_column_text] \u00bfQui\u00e9nes somos? Connatura, empresa acreditada por la Generealitat de Catalunya (REA 09000036894), y con clasificaci\u00f3n empresarial otorgada por el Depatament de Economia y Hacienda nace en el a\u00f1o 2011 aunando los esfuerzos, las ilusiones ...\" \/>\n<meta property=\"og:url\" content=\"https:\/\/connatura.ixole.es\/?page_id=1359\" \/>\n<meta property=\"og:site_name\" content=\"connatura\" \/>\n<meta property=\"article:modified_time\" content=\"2024-10-16T10:52:33+00:00\" \/>\n<meta name=\"twitter:card\" content=\"summary_large_image\" \/>\n<meta name=\"twitter:label1\" content=\"Tiempo de lectura\" \/>\n\t<meta name=\"twitter:data1\" content=\"2 minutos\" \/>\n<script type=\"application\/ld+json\" class=\"yoast-schema-graph\">{\"@context\":\"https:\/\/schema.org\",\"@graph\":[{\"@type\":\"WebPage\",\"@id\":\"https:\/\/connatura.ixole.es\/?page_id=1359\",\"url\":\"https:\/\/connatura.ixole.es\/?page_id=1359\",\"name\":\"Nosotros - connatura\",\"isPartOf\":{\"@id\":\"https:\/\/connatura.ixole.es\/#website\"},\"datePublished\":\"2023-06-17T02:44:20+00:00\",\"dateModified\":\"2024-10-16T10:52:33+00:00\",\"breadcrumb\":{\"@id\":\"https:\/\/connatura.ixole.es\/?page_id=1359#breadcrumb\"},\"inLanguage\":\"es\",\"potentialAction\":[{\"@type\":\"ReadAction\",\"target\":[\"https:\/\/connatura.ixole.es\/?page_id=1359\"]}]},{\"@type\":\"BreadcrumbList\",\"@id\":\"https:\/\/connatura.ixole.es\/?page_id=1359#breadcrumb\",\"itemListElement\":[{\"@type\":\"ListItem\",\"position\":1,\"name\":\"Portada\",\"item\":\"https:\/\/connatura.ixole.es\/\"},{\"@type\":\"ListItem\",\"position\":2,\"name\":\"Nosotros\"}]},{\"@type\":\"WebSite\",\"@id\":\"https:\/\/connatura.ixole.es\/#website\",\"url\":\"https:\/\/connatura.ixole.es\/\",\"name\":\"connatura\",\"description\":\"Construcciones y obras integrales naturales\",\"potentialAction\":[{\"@type\":\"SearchAction\",\"target\":{\"@type\":\"EntryPoint\",\"urlTemplate\":\"https:\/\/connatura.ixole.es\/?s={search_term_string}\"},\"query-input\":{\"@type\":\"PropertyValueSpecification\",\"valueRequired\":true,\"valueName\":\"search_term_string\"}}],\"inLanguage\":\"es\"}]}<\/script>\n<!-- \/ Yoast SEO plugin. -->","yoast_head_json":{"title":"Nosotros - connatura","robots":{"index":"index","follow":"follow","max-snippet":"max-snippet:-1","max-image-preview":"max-image-preview:large","max-video-preview":"max-video-preview:-1"},"canonical":"https:\/\/connatura.ixole.es\/?page_id=1359","og_locale":"es_ES","og_type":"article","og_title":"Nosotros - connatura","og_description":"[vc_row css=&#8221;.vc_custom_1488537942880{margin-top: 15px !important;}&#8221;][vc_column][vc_row_inner][vc_column_inner width=&#8221;1\/6&#8243;][\/vc_column_inner][vc_column_inner width=&#8221;2\/3&#8243;][vc_column_text] \u00bfQui\u00e9nes somos? Connatura, empresa acreditada por la Generealitat de Catalunya (REA 09000036894), y con clasificaci\u00f3n empresarial otorgada por el Depatament de Economia y Hacienda nace en el a\u00f1o 2011 aunando los esfuerzos, las ilusiones ...","og_url":"https:\/\/connatura.ixole.es\/?page_id=1359","og_site_name":"connatura","article_modified_time":"2024-10-16T10:52:33+00:00","twitter_card":"summary_large_image","twitter_misc":{"Tiempo de lectura":"2 minutos"},"schema":{"@context":"https:\/\/schema.org","@graph":[{"@type":"WebPage","@id":"https:\/\/connatura.ixole.es\/?page_id=1359","url":"https:\/\/connatura.ixole.es\/?page_id=1359","name":"Nosotros - connatura","isPartOf":{"@id":"https:\/\/connatura.ixole.es\/#website"},"datePublished":"2023-06-17T02:44:20+00:00","dateModified":"2024-10-16T10:52:33+00:00","breadcrumb":{"@id":"https:\/\/connatura.ixole.es\/?page_id=1359#breadcrumb"},"inLanguage":"es","potentialAction":[{"@type":"ReadAction","target":["https:\/\/connatura.ixole.es\/?page_id=1359"]}]},{"@type":"BreadcrumbList","@id":"https:\/\/connatura.ixole.es\/?page_id=1359#breadcrumb","itemListElement":[{"@type":"ListItem","position":1,"name":"Portada","item":"https:\/\/connatura.ixole.es\/"},{"@type":"ListItem","position":2,"name":"Nosotros"}]},{"@type":"WebSite","@id":"https:\/\/connatura.ixole.es\/#website","url":"https:\/\/connatura.ixole.es\/","name":"connatura","description":"Construcciones y obras integrales naturales","potentialAction":[{"@type":"SearchAction","target":{"@type":"EntryPoint","urlTemplate":"https:\/\/connatura.ixole.es\/?s={search_term_string}"},"query-input":{"@type":"PropertyValueSpecification","valueRequired":true,"valueName":"search_term_string"}}],"inLanguage":"es"}]}},"_links":{"self":[{"href":"https:\/\/connatura.ixole.es\/index.php?rest_route=\/wp\/v2\/pages\/1359","targetHints":{"allow":["GET"]}}],"collection":[{"href":"https:\/\/connatura.ixole.es\/index.php?rest_route=\/wp\/v2\/pages"}],"about":[{"href":"https:\/\/connatura.ixole.es\/index.php?rest_route=\/wp\/v2\/types\/page"}],"author":[{"embeddable":true,"href":"https:\/\/connatura.ixole.es\/index.php?rest_route=\/wp\/v2\/users\/1"}],"replies":[{"embeddable":true,"href":"https:\/\/connatura.ixole.es\/index.php?rest_route=%2Fwp%2Fv2%2Fcomments&post=1359"}],"version-history":[{"count":14,"href":"https:\/\/connatura.ixole.es\/index.php?rest_route=\/wp\/v2\/pages\/1359\/revisions"}],"predecessor-version":[{"id":1634,"href":"https:\/\/connatura.ixole.es\/index.php?rest_route=\/wp\/v2\/pages\/1359\/revisions\/1634"}],"wp:attachment":[{"href":"https:\/\/connatura.ixole.es\/index.php?rest_route=%2Fwp%2Fv2%2Fmedia&parent=1359"}],"curies":[{"name":"wp","href":"https:\/\/api.w.org\/{rel}","templated":true}]}}